{"id":392,"date":"2021-08-13T16:29:46","date_gmt":"2021-08-13T16:29:46","guid":{"rendered":"http:\/\/www.dernekdanismani.org\/?page_id=392"},"modified":"2021-08-13T16:29:46","modified_gmt":"2021-08-13T16:29:46","slug":"derneklerin-reklam-almasi","status":"publish","type":"page","link":"http:\/\/www.dernekdanismani.org\/index.php\/derneklerin-reklam-almasi\/","title":{"rendered":"Derneklerin Reklam Almas\u0131"},"content":{"rendered":"\n<h1 class=\"wp-block-heading\">\u00d6zelge: Derneklerin reklam almak suretiyle bedel kar\u015f\u0131l\u0131\u011f\u0131 gazete yay\u0131m\u0131n\u0131n KV ve KDV kar\u015f\u0131s\u0131ndaki durumu hakk\u0131nda<\/h1>\n\n\n\n<p>T.C.<\/p>\n\n\n\n<p>GEL\u0130R \u0130DARES\u0130 BA\u015eKANLI\u011eI<\/p>\n\n\n\n<p>ANKARA VERG\u0130 DA\u0130RES\u0130 BA\u015eKANLI\u011eI<\/p>\n\n\n\n<p>(M\u00fckellef Hizmetleri KDV ve Di\u011fer Vergiler Grup M\u00fcd\u00fcrl\u00fc\u011f\u00fc)<\/p>\n\n\n\n<p>Say\u0131:&nbsp; B.07.1.G\u0130B.4.06.17.01-KDV-3\/2010-14001-29-543&nbsp;18\/07\/2011<\/p>\n\n\n\n<p>Konu&nbsp;:&nbsp;Derne\u011fin gazete yay\u0131nlamas\u0131 ve gazeteye reklam al\u0131nmas\u0131nda KDV<\/p>\n\n\n\n<p>\u0130lgide kay\u0131tl\u0131 dilek\u00e7enizle, Derne\u011finiz ad\u0131na gazete \u00e7\u0131karaca\u011f\u0131n\u0131z belirtilerek, Derne\u011finizin kurumlar vergisi ve katma de\u011fer vergisi kar\u015f\u0131s\u0131ndaki durumu hakk\u0131nda g\u00f6r\u00fc\u015f talep edilmektedir.<\/p>\n\n\n\n<p>A) KURUMLAR VERG\u0130S\u0130 Y\u00d6N\u00dcNDEN<\/p>\n\n\n\n<p>Kurumlar Vergisi Kanununun 1 inci maddesinde, derneklere ait iktisadi i\u015fletmeler kurumlar vergisi m\u00fckellefleri aras\u0131nda say\u0131lm\u0131\u015f, dernek t\u00fczel ki\u015fili\u011fi ise m\u00fckellefiyet d\u0131\u015f\u0131nda b\u0131rak\u0131lm\u0131\u015ft\u0131r.<\/p>\n\n\n\n<p>An\u0131lan Kanunun 2 nci maddesinin 5 ve 6 numaral\u0131 f\u0131kralar\u0131nda, derneklere ait veya ba\u011fl\u0131 olup faaliyetleri devaml\u0131 bulunan, sermaye \u015firketleri ile kooperatifler d\u0131\u015f\u0131nda kalan ticari, s\u0131nai ve zirai i\u015fletmeler ile benzer nitelikteki yabanc\u0131 i\u015fletmelerin, derneklerin iktisadi i\u015fletmeleri oldu\u011fu, derneklere ait iktisadi i\u015fletmelerin kazan\u00e7 amac\u0131 g\u00fctmemeleri, faaliyetlerinin kanunla verilmi\u015f g\u00f6revler aras\u0131nda bulunmas\u0131, t\u00fczel ki\u015filiklerinin olmamas\u0131, ba\u011f\u0131ms\u0131z muhasebelerinin ve kendilerine ayr\u0131lm\u0131\u015f sermayelerinin veya i\u015fyerlerinin bulunmamas\u0131n\u0131n m\u00fckellefiyetlerini etkilemeyece\u011fi, mal veya hizmet bedelinin sadece maliyeti kar\u015f\u0131layacak kadar olmas\u0131, kar edilmemesi veya kar\u0131n kurulu\u015f ama\u00e7lar\u0131na tahsis edilmesinin bunlar\u0131n iktisadi niteli\u011fini de\u011fi\u015ftirmeyece\u011fi h\u00fck\u00fcm alt\u0131na al\u0131nm\u0131\u015ft\u0131r.<\/p>\n\n\n\n<p>Di\u011fer taraftan, konu ile ilgili olarak yay\u0131mlanan 1 Seri No\u2019lu Kurumlar Vergisi Genel Tebli\u011finin \u201cDernek veya vak\u0131flara ait iktisadi i\u015fletmeler\u201d ba\u015fl\u0131kl\u0131 b\u00f6l\u00fcm\u00fcnde konuya ili\u015fkin a\u00e7\u0131klamalara yer verilmi\u015f olup, s\u00f6z konusu tebli\u011fde dernek veya vakfa ait iktisadi i\u015fletmenin varl\u0131\u011f\u0131ndan s\u00f6z edilebilmesi i\u00e7in;<\/p>\n\n\n\n<p>-Kazan\u00e7 gayesi g\u00fcd\u00fcp g\u00fctmediklerine,<\/p>\n\n\n\n<p>-Faaliyetin, kanunla verilmi\u015f g\u00f6revler aras\u0131nda bulunup bulunmamas\u0131na,<\/p>\n\n\n\n<p>-T\u00fczel ki\u015fili\u011fe sahip olup olmamalar\u0131na,<\/p>\n\n\n\n<p>-Ba\u011f\u0131ms\u0131z muhasebelerinin bulunup bulunmamas\u0131na,<\/p>\n\n\n\n<p>-Kendilerine tahsis edilmi\u015f sermaye veya i\u015f yerlerinin olup olmad\u0131\u011f\u0131na<\/p>\n\n\n\n<p>bak\u0131lmaks\u0131z\u0131n vergiye tabi tutulaca\u011f\u0131,<\/p>\n\n\n\n<p>Di\u011fer taraftan,<\/p>\n\n\n\n<p>-Sat\u0131lan mal veya hizmete ait bedelin sadece maliyeti kar\u015f\u0131layacak kadar olmas\u0131n\u0131n,<\/p>\n\n\n\n<p>-K\u00e2r edilmemesinin,<\/p>\n\n\n\n<p>-K\u00e2r\u0131n kurulu\u015f ama\u00e7lar\u0131na tahsis edilmesinin,<\/p>\n\n\n\n<p>bunlar\u0131n iktisadi i\u015fletme olma vasf\u0131n\u0131 de\u011fi\u015ftirmeyece\u011fi belirtilmi\u015ftir.<\/p>\n\n\n\n<p>Ayr\u0131ca, ayn\u0131 tebli\u011fde \u201d Kazan\u00e7 sa\u011flama amac\u0131 olmasa dahi i\u015fletmenin konusunun ve faaliyetinin, her t\u00fcrl\u00fc mal ve hizmet sat\u0131\u015f\u0131 ya da bunlara benzer \u015fekillerde olmas\u0131 ve devaml\u0131 surette yap\u0131lmas\u0131 durumlar\u0131nda da dernek veya vak\u0131flara ait iktisadi i\u015fletme olu\u015ftu\u011fu kabul edilecektir.<\/p>\n\n\n\n<p>\u0130ktisadi i\u015fletmenin tan\u0131m\u0131 i\u00e7inde yer alan ve devaml\u0131 olarak yap\u0131lan ticari, s\u0131nai veya zirai faaliyetten s\u00f6z edebilmek i\u00e7in bu i\u015fletmenin tedav\u00fcl ekonomisine kat\u0131lmas\u0131, ba\u015fka bir ifadeyle i\u015fletmede \u00fcretilen veya al\u0131nan mallar\u0131n veya verilen hizmetlerin bir bedel kar\u015f\u0131l\u0131\u011f\u0131 sat\u0131lm\u0131\u015f olmas\u0131 gerekir. Aksi halde di\u011fer unsurlar var olsa dahi bir iktisadi i\u015fletmenin varl\u0131\u011f\u0131ndan s\u00f6z edilemez.\u201d a\u00e7\u0131klamalar\u0131na yer verilmi\u015ftir.<\/p>\n\n\n\n<p>Bu h\u00fck\u00fcm ve a\u00e7\u0131klamalara g\u00f6re, derne\u011finiz taraf\u0131ndan yay\u0131nlanacak gazetenin bir bedel kar\u015f\u0131l\u0131\u011f\u0131 sat\u0131lmas\u0131 veya gazete bedelsiz olarak teslim edilmekle birlikte gazeteye reklam ve ilan al\u0131nmas\u0131 halinde bu faaliyet nedeniyle derne\u011finize ba\u011fl\u0131 iktisadi i\u015fletme olu\u015faca\u011f\u0131ndan s\u00f6z konusu iktisadi i\u015fletmenin kurumlar vergisi m\u00fckellefiyetinin tesis edilece\u011fi tabiidir.<\/p>\n\n\n\n<p>B) KATMA DE\u011eER VERG\u0130S\u0130 Y\u00d6N\u00dcNDEN<\/p>\n\n\n\n<p>Katma De\u011fer Vergisi Kanununun;<\/p>\n\n\n\n<p>\u2013 1\/1 inci maddesinde; \u201cT\u00fcrkiye\u2019de ticari, s\u0131nai, zirai faaliyet ve serbest meslek faaliyeti \u00e7er\u00e7evesinde yap\u0131lan teslim ve hizmetlerin\u201d,<\/p>\n\n\n\n<p>\u2013 1\/3-g maddesinde ise, \u201cgenel ve katma b\u00fct\u00e7eli idarelere, il \u00f6zel idarelerine, belediyeler ve k\u00f6yler ile bunlar\u0131n te\u015fkil ettikleri birliklere, \u00fcniversitelere, dernek ve vak\u0131flara, her t\u00fcrl\u00fc mesleki kurulu\u015flara ait veya tabi olan veyahut bunlar taraf\u0131ndan kurulan veya i\u015fletilen m\u00fcesseseler ile d\u00f6ner sermayeli kurulu\u015flar\u0131n veya bunlara ait veya tabi di\u011fer m\u00fcesseselerin ticari, s\u0131nai, zirai ve mesleki nitelikteki teslim ve hizmetlerinin\u201d<\/p>\n\n\n\n<p>katma de\u011fer vergisine tabi oldu\u011fu h\u00fckme ba\u011flanm\u0131\u015ft\u0131r.<\/p>\n\n\n\n<p>Di\u011fer taraftan, Katma de\u011fer vergisi oranlar\u0131, Katma De\u011fer Vergisi (KDV) Kanununun 28 inci maddesinin Bakanlar Kuruluna verdi\u011fi yetkiye dayan\u0131larak yay\u0131mlanan 2007\/13033 say\u0131l\u0131 Kararname eki I say\u0131l\u0131 listede yer alan mal ve hizmetler i\u00e7in % 1, II say\u0131l\u0131 listede yer alan mal ve hizmetler i\u00e7in % 8, bu listeler d\u0131\u015f\u0131ndaki di\u011fer mal ve hizmetler i\u00e7in ise % 18 olarak tespit edilmi\u015ftir.<\/p>\n\n\n\n<p>S\u00f6z konusu Kararname eki (I) say\u0131l\u0131 listenin 8 inci s\u0131ras\u0131nda gazete ve dergiler say\u0131lm\u0131\u015ft\u0131r.<\/p>\n\n\n\n<p>Buna g\u00f6re; derne\u011finiz taraf\u0131ndan yay\u0131nlanacak gazetenin bir bedel kar\u015f\u0131l\u0131\u011f\u0131 sat\u0131lmas\u0131 veya gazete bedelsiz olarak teslim edilmekle birlikte gazeteye reklam ve ilan al\u0131nmas\u0131 halinde bu faaliyet nedeniyle derne\u011finize ba\u011fl\u0131 iktisadi i\u015fletme olu\u015faca\u011f\u0131ndans\u00f6z konusu iktisadi i\u015fletme ad\u0131na katma de\u011fer vergisi m\u00fckellefiyeti tesis edilecektir.<\/p>\n\n\n\n<p>\u00d6te yandan, yay\u0131nlanacak olan gazetenin bir bedel kar\u015f\u0131l\u0131\u011f\u0131nda sat\u0131lmas\u0131 halinde sat\u0131\u015f i\u015flemi % 1 oran\u0131nda KDV ye tabi olacakt\u0131r.<\/p>\n\n\n\n<p>Bilgi edinilmesini rica ederim.<\/p>\n","protected":false},"excerpt":{"rendered":"<p>\u00d6zelge: Derneklerin reklam almak suretiyle bedel kar\u015f\u0131l\u0131\u011f\u0131 gazete yay\u0131m\u0131n\u0131n KV ve KDV kar\u015f\u0131s\u0131ndaki durumu hakk\u0131nda T.C. GEL\u0130R \u0130DARES\u0130 BA\u015eKANLI\u011eI ANKARA VERG\u0130 DA\u0130RES\u0130 BA\u015eKANLI\u011eI (M\u00fckellef Hizmetleri KDV ve Di\u011fer Vergiler Grup M\u00fcd\u00fcrl\u00fc\u011f\u00fc) Say\u0131:&nbsp; B.07.1.G\u0130B.4.06.17.01-KDV-3\/2010-14001-29-543&nbsp;18\/07\/2011 Konu&nbsp;:&nbsp;Derne\u011fin gazete yay\u0131nlamas\u0131 ve gazeteye reklam al\u0131nmas\u0131nda KDV \u0130lgide kay\u0131tl\u0131 dilek\u00e7enizle, Derne\u011finiz ad\u0131na gazete \u00e7\u0131karaca\u011f\u0131n\u0131z belirtilerek, Derne\u011finizin kurumlar vergisi ve katma de\u011fer&hellip; <br \/> <a class=\"read-more\" href=\"http:\/\/www.dernekdanismani.org\/index.php\/derneklerin-reklam-almasi\/\">Devam\u0131<\/a><\/p>\n","protected":false},"author":1,"featured_media":0,"parent":0,"menu_order":0,"comment_status":"closed","ping_status":"closed","template":"","meta":{"footnotes":""},"class_list":["post-392","page","type-page","status-publish","hentry"],"_links":{"self":[{"href":"http:\/\/www.dernekdanismani.org\/index.php\/wp-json\/wp\/v2\/pages\/392","targetHints":{"allow":["GET"]}}],"collection":[{"href":"http:\/\/www.dernekdanismani.org\/index.php\/wp-json\/wp\/v2\/pages"}],"about":[{"href":"http:\/\/www.dernekdanismani.org\/index.php\/wp-json\/wp\/v2\/types\/page"}],"author":[{"embeddable":true,"href":"http:\/\/www.dernekdanismani.org\/index.php\/wp-json\/wp\/v2\/users\/1"}],"replies":[{"embeddable":true,"href":"http:\/\/www.dernekdanismani.org\/index.php\/wp-json\/wp\/v2\/comments?post=392"}],"version-history":[{"count":1,"href":"http:\/\/www.dernekdanismani.org\/index.php\/wp-json\/wp\/v2\/pages\/392\/revisions"}],"predecessor-version":[{"id":393,"href":"http:\/\/www.dernekdanismani.org\/index.php\/wp-json\/wp\/v2\/pages\/392\/revisions\/393"}],"wp:attachment":[{"href":"http:\/\/www.dernekdanismani.org\/index.php\/wp-json\/wp\/v2\/media?parent=392"}],"curies":[{"name":"wp","href":"https:\/\/api.w.org\/{rel}","templated":true}]}}