{"id":342,"date":"2020-06-02T12:28:35","date_gmt":"2020-06-02T12:28:35","guid":{"rendered":"http:\/\/www.dernekdanismani.org\/?page_id=342"},"modified":"2020-06-02T12:28:35","modified_gmt":"2020-06-02T12:28:35","slug":"sayman-degisikligi-nasil-yapilir","status":"publish","type":"page","link":"http:\/\/www.dernekdanismani.org\/index.php\/sayman-degisikligi-nasil-yapilir\/","title":{"rendered":"SAYMAN De\u011fi\u015fikli\u011fi nas\u0131l yap\u0131l\u0131r ?"},"content":{"rendered":"\n<p> Yap\u0131lan Genel Kurul sonras\u0131 Y\u00f6netim Kurulu de\u011fi\u015fmesi halinde Eski y\u00f6netim kurulu \u00fcyeleri 7 g\u00fcn i\u00e7inde yeni se\u00e7ilenlere bilgi ve belgeleri teslim etmek zorundad\u0131r. <\/p>\n\n\n\n<p>Yeni Y\u00f6netim Kurulu g\u00f6rev da\u011f\u0131l\u0131m\u0131nda Sayman de\u011fi\u015fikli\u011fi yap\u0131lmas\u0131 halinde eski ve yeni sayman aras\u0131nda Devir-teslim tutana\u011f\u0131 tutulmal\u0131d\u0131r. <\/p>\n\n\n\n<p>Derne\u011fin Defter ve Makbuzlar\u0131 gibi t\u00fcm evraklar, eski ve yeni sayman\u0131n imzas\u0131n\u0131 ta\u015f\u0131yan bir tutanakla devir yap\u0131lmal\u0131d\u0131r. Bu \u00e7ok \u00f6nemlidir. Yap\u0131lmamas\u0131 halinde ceza-i m\u00fceyyide uygulanabilir.<\/p>\n","protected":false},"excerpt":{"rendered":"<p>Yap\u0131lan Genel Kurul sonras\u0131 Y\u00f6netim Kurulu de\u011fi\u015fmesi halinde Eski y\u00f6netim kurulu \u00fcyeleri 7 g\u00fcn i\u00e7inde yeni se\u00e7ilenlere bilgi ve belgeleri teslim etmek zorundad\u0131r. Yeni Y\u00f6netim Kurulu g\u00f6rev da\u011f\u0131l\u0131m\u0131nda Sayman de\u011fi\u015fikli\u011fi yap\u0131lmas\u0131 halinde eski ve yeni sayman aras\u0131nda Devir-teslim tutana\u011f\u0131 tutulmal\u0131d\u0131r. Derne\u011fin Defter ve Makbuzlar\u0131 gibi t\u00fcm evraklar, eski ve yeni sayman\u0131n imzas\u0131n\u0131 ta\u015f\u0131yan bir tutanakla&hellip; <br \/> <a class=\"read-more\" href=\"http:\/\/www.dernekdanismani.org\/index.php\/sayman-degisikligi-nasil-yapilir\/\">Devam\u0131<\/a><\/p>\n","protected":false},"author":1,"featured_media":0,"parent":0,"menu_order":0,"comment_status":"closed","ping_status":"closed","template":"","meta":{"footnotes":""},"class_list":["post-342","page","type-page","status-publish","hentry"],"_links":{"self":[{"href":"http:\/\/www.dernekdanismani.org\/index.php\/wp-json\/wp\/v2\/pages\/342","targetHints":{"allow":["GET"]}}],"collection":[{"href":"http:\/\/www.dernekdanismani.org\/index.php\/wp-json\/wp\/v2\/pages"}],"about":[{"href":"http:\/\/www.dernekdanismani.org\/index.php\/wp-json\/wp\/v2\/types\/page"}],"author":[{"embeddable":true,"href":"http:\/\/www.dernekdanismani.org\/index.php\/wp-json\/wp\/v2\/users\/1"}],"replies":[{"embeddable":true,"href":"http:\/\/www.dernekdanismani.org\/index.php\/wp-json\/wp\/v2\/comments?post=342"}],"version-history":[{"count":1,"href":"http:\/\/www.dernekdanismani.org\/index.php\/wp-json\/wp\/v2\/pages\/342\/revisions"}],"predecessor-version":[{"id":343,"href":"http:\/\/www.dernekdanismani.org\/index.php\/wp-json\/wp\/v2\/pages\/342\/revisions\/343"}],"wp:attachment":[{"href":"http:\/\/www.dernekdanismani.org\/index.php\/wp-json\/wp\/v2\/media?parent=342"}],"curies":[{"name":"wp","href":"https:\/\/api.w.org\/{rel}","templated":true}]}}